ctors of 25076.
2, 6269
List the prime factors of 191874.
2, 3, 113, 283
List the prime factors of 2185414.
2, 7, 11, 23, 617
What are the prime factors of 1361882?
2, 19, 35839
List the prime factors of 6089905.
5, 107, 11383
List the prime factors of 24017166.
2, 3, 1334287
What are the prime factors of 7978714?
2, 281, 14197
List the prime factors of 1571238.
2, 3, 53, 61
What are the prime factors of 406574?
2, 7, 113, 257
List the prime factors of 806825.
5, 59, 547
What are the prime factors of 717422?
2, 358711
List the prime factors of 22703598.
2, 3, 593, 709
What are the prime factors of 1204154?
2, 7, 86011
What are the prime factors of 140299?
307, 457
List the prime factors of 1164823.
11, 17, 6229
What are the prime factors of 7296?
2, 3, 19
List the prime factors of 132555.
3, 5, 8837
List the prime factors of 1712448.
2, 3, 991
What are the prime factors of 118851?
3, 173, 229
List the prime factors of 3525714.
2, 3, 109, 599
List the prime factors of 149942.
2, 13, 73, 79
What are the prime factors of 34369694?
2, 101, 229, 743
List the prime factors of 57338.
2, 28669
List the prime factors of 1674688.
2, 137, 191
List the prime factors of 13291478.
2, 6645739
List the prime factors of 277315.
5, 37, 1499
What are the prime factors of 4314941?
251, 17191
List the prime factors of 97719.
3, 32573
List the prime factors of 9677295.
3, 5, 215051
What are the prime factors of 6334775?
5, 23, 479
List the prime factors of 1178704.
2, 23, 3203
What are the prime factors of 368667?
3, 13, 23, 137
List the prime factors of 7846202.
2, 7, 13, 19, 2269
What are the prime factors of 269385?
3, 5, 17959
What are the prime factors of 705095?
5, 31, 4549
List the prime factors of 44799.
3, 109, 137
What are the prime factors of 724339?
7, 11, 23, 409
What are the prime factors of 32436422?
2, 16218211
What are the prime factors of 211625?
5, 1693
List the prime factors of 781617.
3, 260539
What are the prime factors of 14500725?
3, 5, 29, 59, 113
What are the prime factors of 2715214?
2, 19, 71453
List the prime factors of 76295.
5, 15259
List the prime factors of 36361.
13, 2797
List the prime factors of 328761.
3, 36529
What are the prime factors of 1318845?
3, 5, 11, 7993
What are the prime factors of 15445179?
3, 113, 15187
List the prime factors of 1602925.
5, 97, 661
What are the prime factors of 301342?
2, 17, 8863
List the prime factors of 154798.
2, 7, 11057
What are the prime factors of 4448738?
2, 7, 47, 6761
What are the prime factors of 327610?
2, 5, 181
List the prime factors of 12195214.
2, 31, 239, 823
List the prime factors of 5265335.
5, 1053067
List the prime factors of 14330094.
2, 3, 43, 67, 829
List the prime factors of 27308178.
2, 3, 101, 1669
List the prime factors of 8831248.
2, 73, 7561
What are the prime factors of 3952838?
2, 1976419
List the prime factors of 296687.
296687
What are the prime factors of 7449338?
2, 13, 286513
List the prime factors of 1677992.
2, 349, 601
List the prime factors of 382015.
5, 76403
What are the prime factors of 39582?
2, 3, 733
List the prime factors of 32394.
2, 3, 5399
What are the prime factors of 38322?
2, 3, 2129
What are the prime factors of 191775?
3, 5, 2557
What are the prime factors of 607058?
2, 303529
List the prime factors of 137778.
2, 3, 22963
List the prime factors of 131052.
2, 3, 67, 163
List the prime factors of 436615.
5, 87323
What are the prime factors of 611786?
2, 7, 89, 491
What are the prime factors of 4415691?
3, 7, 37, 5683
What are the prime factors of 670762?
2, 335381
What are the prime factors of 989565?
3, 5, 37, 1783
What are the prime factors of 2034514?
2, 179, 5683
List the prime factors of 781946.
2, 11, 35543
List the prime factors of 171620.
2, 5, 8581
What are the prime factors of 2923080?
2, 3, 5, 24359
List the prime factors of 22862.
2, 7, 23, 71
What are the prime factors of 297869?
11, 13, 2083
What are the prime factors of 22182942?
2, 3, 1319, 2803
What are the prime factors of 227974?
2, 31, 3677
List the prime factors of 150272.
2, 587
List the prime factors of 2257976.
2, 7, 61, 661
List the prime factors of 7454627.
61, 122207
List the prime factors of 415148.
2, 103787
What are the prime factors of 410813?
13, 31601
List the prime factors of 1460892.
2, 3, 53, 2297
What are the prime factors of 1518680?
2, 5, 37967
What are the prime factors of 166839?
3, 19, 2927
List the prime factors of 1624452.
2, 3, 17, 7963
List the prime factors of 1560808.
2, 37, 5273
List the prime factors of 12179561.
89, 136849
List the prime factors of 4113597.
3, 311, 4409
List the prime factors of 197105.
5, 79, 499
List the prime factors of 538466.
2, 151, 1783
List the prime factors of 3173.
19, 167
List the prime factors of 848841.
3, 7, 83, 487
What are the prime factors of 19846082?
2, 239, 41519
List the prime factors of 7168966.
2, 7, 19, 26951
List the prime factors of 325799.
73, 4463
List the prime factors of 351598.
2, 13, 13523
What are the prime factors of 3573337?
3573337
List the prime factors of 939230.
2, 5, 93923
What are the prime factors of 1027842?
2, 3, 107, 1601
What are the prime factors of 4730092?
2, 433, 2731
What are the prime factors of 138662?
2, 19, 41, 89
List the prime factors of 464924.
2, 47, 2473
List the prime factors of 2160956.
2, 7, 71, 1087
List the prime factors of 17304511.
7, 599, 4127
List the prime factors of 998092.
2, 47, 5309
List the prime factors of 7147977.
3, 149, 15991
List the prime factors of 1065534.
2, 3, 177589
List the prime factors of 500400.
2, 3, 5, 139
What are the prime factors of 124722?
2, 3, 13, 41
List the prime factors of 12112837.
11, 761, 1447
List the prime factors of 473195.
5, 17, 19, 293
What are the prime factors of 778003?
101, 7703
What are the prime factors of 230254?
2, 115127
List the prime factors of 6710745.
3, 5, 29, 15427
List the prime factors of 72044.
2, 7, 31, 83
List the prime factors of 342867.
3, 7, 29, 563
What are the prime factors of 16329234?
2, 3, 41, 1619
What are the prime factors of 254035?
5, 23, 47
What are the prime factors of 915337?
31, 29527
What are the prime factors of 537471?
3, 11, 61, 89
What are the prime factors of 2488611?
3, 829537
What are the prime factors of 35576704?
2, 499, 557
List the prime factors of 8765400.
2, 3, 5, 7, 2087
What are the prime factors of 911334?
2, 3, 67, 2267
What are the prime factors of 1130682?
2, 3, 7, 26921
What are the prime factors of 4198321?
4198321
What are the prime factors of 1843076?
2, 19, 24251
List the prime factors of 10553919.
3, 31, 283, 401
List the prime factors of 2079228.
2, 3, 163, 1063
List the prime factors of 1074392.
2, 11, 29, 421
List the prime factors of 510056.
2, 103, 619
What are the prime factors of 478268?
2, 7, 19, 29, 31
What are the prime factors of 780893?
743, 1051
List the prime factors of 21315476.
2, 7, 13, 31, 1889
What are the prime factors of 6919677?
3, 768853
What are the prime factors of 2903954?
2, 563, 2579
What are the prime factors of 573796?
2, 37, 3877
What are the prime factors of 379761?
3, 103, 1229
What are the prime factors of 3670?
2, 5, 367
What are the prime factors of 9443765?
5, 1888753
What are the prime factors of 1247344?
2, 7, 37, 43
List the prime factors of 410925.
3, 5, 5479
List the prime factors of 2542898.
2, 1271449
List the prime factors of 5826296.
2, 7, 89, 167
List the prime factors of 284031.
3, 11, 19, 151
What are the prime factors of 256569?
3, 85523
List the prime factors of 1776784.
2, 111049
List the prime factors of 16094581.
16094581
List the prime factors of 1573682.
2, 11, 233, 307
List the prime factors of 5047027.
19, 109, 2437
What are the prime factors of 7692055?
5, 7, 19, 43, 269
What are the prime factors of 195163?
195163
List the prime factors of 225246.
2, 3, 7, 31, 173
What are the prime factors of 483011?
31, 15581
What are the prime factors of 134347?
37, 3631
List the prime factors of 55068.
2, 3, 13, 353
What are the prime factors of 876099?
3, 7, 41719
What are the prime factors of 446391?
3, 11, 167
What are the prime factors of 255589?
255589
List the prime factors of 4108529.
4108529
What are the prime factors of 5751051?
3, 1917017
What are the prime factors of 1072683?
3, 17, 19, 41
List th